{"version":"1.0","provider_name":"AMISNS","provider_url":"https:\/\/amisns.edu.pl\/stara-wersja","title":"Charytatywny koncert ch\u00f3ru \"Cantata\" - AMISNS","type":"rich","width":600,"height":338,"html":"<blockquote class=\"wp-embedded-content\" data-secret=\"6Le2P7D9tV\"><a href=\"https:\/\/amisns.edu.pl\/stara-wersja\/charytatywny-koncert-choru-cantata\/\">Charytatywny koncert ch\u00f3ru &#8222;Cantata&#8221;<\/a><\/blockquote><iframe sandbox=\"allow-scripts\" security=\"restricted\" src=\"https:\/\/amisns.edu.pl\/stara-wersja\/charytatywny-koncert-choru-cantata\/embed\/#?secret=6Le2P7D9tV\" width=\"600\" height=\"338\" title=\"&#8222;Charytatywny koncert ch\u00f3ru &#8222;Cantata&#8221;&#8221; &#8212; AMISNS\" data-secret=\"6Le2P7D9tV\" frameborder=\"0\" marginwidth=\"0\" marginheight=\"0\" scrolling=\"no\" class=\"wp-embedded-content\"><\/iframe><script>\n\/*! This file is auto-generated *\/\n!function(d,l){\"use strict\";l.querySelector&&d.addEventListener&&\"undefined\"!=typeof URL&&(d.wp=d.wp||{},d.wp.receiveEmbedMessage||(d.wp.receiveEmbedMessage=function(e){var t=e.data;if((t||t.secret||t.message||t.value)&&!\/[^a-zA-Z0-9]\/.test(t.secret)){for(var s,r,n,a=l.querySelectorAll('iframe[data-secret=\"'+t.secret+'\"]'),o=l.querySelectorAll('blockquote[data-secret=\"'+t.secret+'\"]'),c=new RegExp(\"^https?:$\",\"i\"),i=0;i<o.length;i++)o[i].style.display=\"none\";for(i=0;i<a.length;i++)s=a[i],e.source===s.contentWindow&&(s.removeAttribute(\"style\"),\"height\"===t.message?(1e3<(r=parseInt(t.value,10))?r=1e3:~~r<200&&(r=200),s.height=r):\"link\"===t.message&&(r=new URL(s.getAttribute(\"src\")),n=new URL(t.value),c.test(n.protocol))&&n.host===r.host&&l.activeElement===s&&(d.top.location.href=t.value))}},d.addEventListener(\"message\",d.wp.receiveEmbedMessage,!1),l.addEventListener(\"DOMContentLoaded\",function(){for(var e,t,s=l.querySelectorAll(\"iframe.wp-embedded-content\"),r=0;r<s.length;r++)(t=(e=s[r]).getAttribute(\"data-secret\"))||(t=Math.random().toString(36).substring(2,12),e.src+=\"#?secret=\"+t,e.setAttribute(\"data-secret\",t)),e.contentWindow.postMessage({message:\"ready\",secret:t},\"*\")},!1)))}(window,document);\n<\/script>\n","thumbnail_url":"https:\/\/amisns.edu.pl\/stara-wersja\/wp-content\/uploads\/458953156_2242428749489216_499139113637455903_n.jpg","thumbnail_width":940,"thumbnail_height":788,"description":"Ju\u017c w najbli\u017csz\u0105 niedziel\u0119 o godzinie 13:00 odb\u0119dzie si\u0119 koncert charytatywny ch\u00f3ru Cantata. Wydarzenie b\u0119dzie cz\u0119\u015bci\u0105 Rodzinnego Festynu zorganizowanego na rzecz Mateusza Wojciechowskiego &#8211; \u017co\u0142nierza, kt\u00f3ry 2 czerwca 2024 r. uleg\u0142 wypadkowi, w skutek czego zosta\u0142 sparali\u017cowany od szyi w d\u00f3\u0142. \u00a0 W programie festynu znalaz\u0142y si\u0119 animacje i konkursy dla dzieci i doros\u0142ych, pokaz [&hellip;]"}

Charytatywny koncert chóru "Cantata" - AMISNS

<blockquote class="wp-embedded-content" data-secret="6Le2P7D9tV"><a href="https://amisns.edu.pl/stara-wersja/charytatywny-koncert-choru-cantata/">Charytatywny koncert chóru &#8222;Cantata&#8221;</a></blockquote><iframe sandbox="allow-scripts" security="restricted" src="https://amisns.edu.pl/stara-wersja/charytatywny-koncert-choru-cantata/embed/#?secret=6Le2P7D9tV" width="600" height="338" title="&#8222;Charytatywny koncert chóru &#8222;Cantata&#8221;&#8221; &#8212; AMISNS" data-secret="6Le2P7D9tV" frameborder="0" marginwidth="0" marginheight="0" scrolling="no" class="wp-embedded-content"></iframe><script>
/*! This file is auto-generated */
!function(d,l){"use strict";l.querySelector&&d.addEventListener&&"undefined"!=typeof URL&&(d.wp=d.wp||{},d.wp.receiveEmbedMessage||(d.wp.receiveEmbedMessage=function(e){var t=e.data;if((t||t.secret||t.message||t.value)&&!/[^a-zA-Z0-9]/.test(t.secret)){for(var s,r,n,a=l.querySelectorAll('iframe[data-secret="'+t.secret+'"]'),o=l.querySelectorAll('blockquote[data-secret="'+t.secret+'"]'),c=new RegExp("^https?:$","i"),i=0;i<o.length;i++)o[i].style.display="none";for(i=0;i<a.length;i++)s=a[i],e.source===s.contentWindow&&(s.removeAttribute("style"),"height"===t.message?(1e3<(r=parseInt(t.value,10))?r=1e3:~~r<200&&(r=200),s.height=r):"link"===t.message&&(r=new URL(s.getAttribute("src")),n=new URL(t.value),c.test(n.protocol))&&n.host===r.host&&l.activeElement===s&&(d.top.location.href=t.value))}},d.addEventListener("message",d.wp.receiveEmbedMessage,!1),l.addEventListener("DOMContentLoaded",function(){for(var e,t,s=l.querySelectorAll("iframe.wp-embedded-content"),r=0;r<s.length;r++)(t=(e=s[r]).getAttribute("data-secret"))||(t=Math.random().toString(36).substring(2,12),e.src+="#?secret="+t,e.setAttribute("data-secret",t)),e.contentWindow.postMessage({message:"ready",secret:t},"*")},!1)))}(window,document);
</script>

Już w najbliższą niedzielę o godzinie 13:00 odbędzie się koncert charytatywny chóru Cantata. Wydarzenie będzie częścią Rodzinnego Festynu zorganizowanego na rzecz Mateusza Wojciechowskiego &#8211; żołnierza, który 2 czerwca 2024 r. uległ wypadkowi, w skutek czego został sparaliżowany od szyi w dół.   W programie festynu znalazły się animacje i konkursy dla dzieci i dorosłych, pokaz [&hellip;]
