{"version":"1.0","provider_name":"AMISNS","provider_url":"https:\/\/amisns.edu.pl\/stara-wersja","title":"Co przyniesie Erasmus+ w 2023 roku? - AMISNS","type":"rich","width":600,"height":338,"html":"<blockquote class=\"wp-embedded-content\" data-secret=\"2mBpDz7pRY\"><a href=\"https:\/\/amisns.edu.pl\/stara-wersja\/co-przyniesie-erasmus-w-2023-roku\/\">Co przyniesie Erasmus+ w 2023 roku?<\/a><\/blockquote><iframe sandbox=\"allow-scripts\" security=\"restricted\" src=\"https:\/\/amisns.edu.pl\/stara-wersja\/co-przyniesie-erasmus-w-2023-roku\/embed\/#?secret=2mBpDz7pRY\" width=\"600\" height=\"338\" title=\"&#8222;Co przyniesie Erasmus+ w 2023 roku?&#8221; &#8212; AMISNS\" data-secret=\"2mBpDz7pRY\" frameborder=\"0\" marginwidth=\"0\" marginheight=\"0\" scrolling=\"no\" class=\"wp-embedded-content\"><\/iframe><script>\n\/*! This file is auto-generated *\/\n!function(d,l){\"use strict\";l.querySelector&&d.addEventListener&&\"undefined\"!=typeof URL&&(d.wp=d.wp||{},d.wp.receiveEmbedMessage||(d.wp.receiveEmbedMessage=function(e){var t=e.data;if((t||t.secret||t.message||t.value)&&!\/[^a-zA-Z0-9]\/.test(t.secret)){for(var s,r,n,a=l.querySelectorAll('iframe[data-secret=\"'+t.secret+'\"]'),o=l.querySelectorAll('blockquote[data-secret=\"'+t.secret+'\"]'),c=new RegExp(\"^https?:$\",\"i\"),i=0;i<o.length;i++)o[i].style.display=\"none\";for(i=0;i<a.length;i++)s=a[i],e.source===s.contentWindow&&(s.removeAttribute(\"style\"),\"height\"===t.message?(1e3<(r=parseInt(t.value,10))?r=1e3:~~r<200&&(r=200),s.height=r):\"link\"===t.message&&(r=new URL(s.getAttribute(\"src\")),n=new URL(t.value),c.test(n.protocol))&&n.host===r.host&&l.activeElement===s&&(d.top.location.href=t.value))}},d.addEventListener(\"message\",d.wp.receiveEmbedMessage,!1),l.addEventListener(\"DOMContentLoaded\",function(){for(var e,t,s=l.querySelectorAll(\"iframe.wp-embedded-content\"),r=0;r<s.length;r++)(t=(e=s[r]).getAttribute(\"data-secret\"))||(t=Math.random().toString(36).substring(2,12),e.src+=\"#?secret=\"+t,e.setAttribute(\"data-secret\",t)),e.contentWindow.postMessage({message:\"ready\",secret:t},\"*\")},!1)))}(window,document);\n<\/script>\n","thumbnail_url":"https:\/\/amisns.edu.pl\/stara-wersja\/wp-content\/uploads\/2022\/12\/Artykul-07.12.2022-r-Erasmus2.jpg","thumbnail_width":2000,"thumbnail_height":1125,"description":"Koordynator Programu Erasmus+ w Akademii Medycznych i Spo\u0142ecznych Nauk Stosowanych pan Tomasz Mendrek w dniu 07.12.2022 r. uczestniczy\u0142 w kolejnym wydarzeniu z cyklu spotka\u0144, przybli\u017caj\u0105cym nadchodz\u0105ce zmiany w programie Erasmus+ w konkursie wniosk\u00f3w na rok 2023. Spotkanie, podobnie jak poprzednie, odby\u0142o si\u0119 w Bibliotece Uniwersytetu Gda\u0144skiego. Opr\u00f3cz oferty Programu zaprezentowane zosta\u0142y r\u00f3wnie\u017c perspektywy, jakie niesie [&hellip;]"}

Koordynator Programu Erasmus+ w Akademii Medycznych i Społecznych Nauk Stosowanych pan Tomasz Mendrek w dniu 07.12.2022 r. uczestniczył w kolejnym wydarzeniu z cyklu spotkań, przybliżającym nadchodzące zmiany w programie Erasmus+ w konkursie wniosków na rok 2023. Spotkanie, podobnie jak poprzednie, odbyło się w Bibliotece Uniwersytetu Gdańskiego. Oprócz oferty Programu zaprezentowane zostały również perspektywy, jakie niesie [&hellip;]
