{"version":"1.0","provider_name":"AMISNS","provider_url":"https:\/\/amisns.edu.pl\/stara-wersja","title":"Druga tura obron na kierunku psychologia - AMISNS","type":"rich","width":600,"height":338,"html":"<blockquote class=\"wp-embedded-content\" data-secret=\"ConJ21hgAg\"><a href=\"https:\/\/amisns.edu.pl\/stara-wersja\/druga-tura-obron-na-kierunku-psychologia\/\">Druga tura obron na kierunku psychologia<\/a><\/blockquote><iframe sandbox=\"allow-scripts\" security=\"restricted\" src=\"https:\/\/amisns.edu.pl\/stara-wersja\/druga-tura-obron-na-kierunku-psychologia\/embed\/#?secret=ConJ21hgAg\" width=\"600\" height=\"338\" title=\"&#8222;Druga tura obron na kierunku psychologia&#8221; &#8212; AMISNS\" data-secret=\"ConJ21hgAg\" frameborder=\"0\" marginwidth=\"0\" marginheight=\"0\" scrolling=\"no\" class=\"wp-embedded-content\"><\/iframe><script>\n\/*! This file is auto-generated *\/\n!function(d,l){\"use strict\";l.querySelector&&d.addEventListener&&\"undefined\"!=typeof URL&&(d.wp=d.wp||{},d.wp.receiveEmbedMessage||(d.wp.receiveEmbedMessage=function(e){var t=e.data;if((t||t.secret||t.message||t.value)&&!\/[^a-zA-Z0-9]\/.test(t.secret)){for(var s,r,n,a=l.querySelectorAll('iframe[data-secret=\"'+t.secret+'\"]'),o=l.querySelectorAll('blockquote[data-secret=\"'+t.secret+'\"]'),c=new RegExp(\"^https?:$\",\"i\"),i=0;i<o.length;i++)o[i].style.display=\"none\";for(i=0;i<a.length;i++)s=a[i],e.source===s.contentWindow&&(s.removeAttribute(\"style\"),\"height\"===t.message?(1e3<(r=parseInt(t.value,10))?r=1e3:~~r<200&&(r=200),s.height=r):\"link\"===t.message&&(r=new URL(s.getAttribute(\"src\")),n=new URL(t.value),c.test(n.protocol))&&n.host===r.host&&l.activeElement===s&&(d.top.location.href=t.value))}},d.addEventListener(\"message\",d.wp.receiveEmbedMessage,!1),l.addEventListener(\"DOMContentLoaded\",function(){for(var e,t,s=l.querySelectorAll(\"iframe.wp-embedded-content\"),r=0;r<s.length;r++)(t=(e=s[r]).getAttribute(\"data-secret\"))||(t=Math.random().toString(36).substring(2,12),e.src+=\"#?secret=\"+t,e.setAttribute(\"data-secret\",t)),e.contentWindow.postMessage({message:\"ready\",secret:t},\"*\")},!1)))}(window,document);\n<\/script>\n","thumbnail_url":"https:\/\/amisns.edu.pl\/stara-wersja\/wp-content\/uploads\/1-91.jpg","thumbnail_width":1459,"thumbnail_height":1080,"description":"W ubieg\u0142ym tygodniu, 13 lipca, mury Akademii Medycznych i Spo\u0142ecznych Nauk Stosowanych opu\u015bci\u0142a kolejna grupa student\u00f3w z tytu\u0142em magistra psychologii. Przypomnijmy &#8211; s\u0105 to pierwsi absolwenci tego kierunku nie tylko w Elbl\u0105gu, ale r\u00f3wnie\u017c w ca\u0142ym wojew\u00f3dztwie warmi\u0144sko-mazurskim. Nasi pierwsi absolwenci to pow\u00f3d do dumy dla ca\u0142ej spo\u0142eczno\u015bci akademickiej. Zdobyli oni wiedz\u0119 i umiej\u0119tno\u015bci z [&hellip;]"}

W ubiegłym tygodniu, 13 lipca, mury Akademii Medycznych i Społecznych Nauk Stosowanych opuściła kolejna grupa studentów z tytułem magistra psychologii. Przypomnijmy &#8211; są to pierwsi absolwenci tego kierunku nie tylko w Elblągu, ale również w całym województwie warmińsko-mazurskim. Nasi pierwsi absolwenci to powód do dumy dla całej społeczności akademickiej. Zdobyli oni wiedzę i umiejętności z [&hellip;]
