{"version":"1.0","provider_name":"AMISNS","provider_url":"https:\/\/amisns.edu.pl\/stara-wersja","title":"Inauguracja Roku Akademickiego 2023\/2024 - AMISNS","type":"rich","width":600,"height":338,"html":"<blockquote class=\"wp-embedded-content\" data-secret=\"0AiZ3tBYve\"><a href=\"https:\/\/amisns.edu.pl\/stara-wersja\/inauguracja-roku-akademickiego-2023-2024\/\">Inauguracja Roku Akademickiego 2023\/2024<\/a><\/blockquote><iframe sandbox=\"allow-scripts\" security=\"restricted\" src=\"https:\/\/amisns.edu.pl\/stara-wersja\/inauguracja-roku-akademickiego-2023-2024\/embed\/#?secret=0AiZ3tBYve\" width=\"600\" height=\"338\" title=\"&#8222;Inauguracja Roku Akademickiego 2023\/2024&#8221; &#8212; AMISNS\" data-secret=\"0AiZ3tBYve\" frameborder=\"0\" marginwidth=\"0\" marginheight=\"0\" scrolling=\"no\" class=\"wp-embedded-content\"><\/iframe><script>\n\/*! This file is auto-generated *\/\n!function(d,l){\"use strict\";l.querySelector&&d.addEventListener&&\"undefined\"!=typeof URL&&(d.wp=d.wp||{},d.wp.receiveEmbedMessage||(d.wp.receiveEmbedMessage=function(e){var t=e.data;if((t||t.secret||t.message||t.value)&&!\/[^a-zA-Z0-9]\/.test(t.secret)){for(var s,r,n,a=l.querySelectorAll('iframe[data-secret=\"'+t.secret+'\"]'),o=l.querySelectorAll('blockquote[data-secret=\"'+t.secret+'\"]'),c=new RegExp(\"^https?:$\",\"i\"),i=0;i<o.length;i++)o[i].style.display=\"none\";for(i=0;i<a.length;i++)s=a[i],e.source===s.contentWindow&&(s.removeAttribute(\"style\"),\"height\"===t.message?(1e3<(r=parseInt(t.value,10))?r=1e3:~~r<200&&(r=200),s.height=r):\"link\"===t.message&&(r=new URL(s.getAttribute(\"src\")),n=new URL(t.value),c.test(n.protocol))&&n.host===r.host&&l.activeElement===s&&(d.top.location.href=t.value))}},d.addEventListener(\"message\",d.wp.receiveEmbedMessage,!1),l.addEventListener(\"DOMContentLoaded\",function(){for(var e,t,s=l.querySelectorAll(\"iframe.wp-embedded-content\"),r=0;r<s.length;r++)(t=(e=s[r]).getAttribute(\"data-secret\"))||(t=Math.random().toString(36).substring(2,12),e.src+=\"#?secret=\"+t,e.setAttribute(\"data-secret\",t)),e.contentWindow.postMessage({message:\"ready\",secret:t},\"*\")},!1)))}(window,document);\n<\/script>\n","thumbnail_url":"https:\/\/amisns.edu.pl\/stara-wersja\/wp-content\/uploads\/2-18.jpg","thumbnail_width":1753,"thumbnail_height":1080,"description":"1 Pa\u017adziernika 2023 r. po raz 22 w murach naszej Uczelni odby\u0142a si\u0119 uroczysta Inauguracja Roku Akademickiego. Temu wyj\u0105tkowemu wydarzeniu towarzyszy\u0142a ceremonia Czepkowania pierwszych absolwent\u00f3w kierunku po\u0142o\u017cnictwo oraz uroczyste wr\u0119czenie dyplom\u00f3w absolwentom jednolitych studi\u00f3w magisterskich na kierunku fizjoterapia. Uroczysto\u015b\u0107 inauguracji poprowadzi\u0142 prorektor ds. kszta\u0142cenia i organizacji, dr Maciej Bogus\u0142awski. Opr\u00f3cz w\u0142adz Uczelni, Senatu, kadry akademickiej [&hellip;]"}

1 Października 2023 r. po raz 22 w murach naszej Uczelni odbyła się uroczysta Inauguracja Roku Akademickiego. Temu wyjątkowemu wydarzeniu towarzyszyła ceremonia Czepkowania pierwszych absolwentów kierunku położnictwo oraz uroczyste wręczenie dyplomów absolwentom jednolitych studiów magisterskich na kierunku fizjoterapia. Uroczystość inauguracji poprowadził prorektor ds. kształcenia i organizacji, dr Maciej Bogusławski. Oprócz władz Uczelni, Senatu, kadry akademickiej [&hellip;]
