{"version":"1.0","provider_name":"AMISNS","provider_url":"https:\/\/amisns.edu.pl\/stara-wersja","title":"Informacja prasowa Zak\u0142adu Ubezpiecze\u0144 Spo\u0142ecznych - AMISNS","type":"rich","width":600,"height":338,"html":"<blockquote class=\"wp-embedded-content\" data-secret=\"awOZXVmICv\"><a href=\"https:\/\/amisns.edu.pl\/stara-wersja\/informacja-prasowa-zakladu-ubezpieczen-spolecznych\/\">Informacja prasowa Zak\u0142adu Ubezpiecze\u0144 Spo\u0142ecznych<\/a><\/blockquote><iframe sandbox=\"allow-scripts\" security=\"restricted\" src=\"https:\/\/amisns.edu.pl\/stara-wersja\/informacja-prasowa-zakladu-ubezpieczen-spolecznych\/embed\/#?secret=awOZXVmICv\" width=\"600\" height=\"338\" title=\"&#8222;Informacja prasowa Zak\u0142adu Ubezpiecze\u0144 Spo\u0142ecznych&#8221; &#8212; AMISNS\" data-secret=\"awOZXVmICv\" frameborder=\"0\" marginwidth=\"0\" marginheight=\"0\" scrolling=\"no\" class=\"wp-embedded-content\"><\/iframe><script>\n\/*! This file is auto-generated *\/\n!function(d,l){\"use strict\";l.querySelector&&d.addEventListener&&\"undefined\"!=typeof URL&&(d.wp=d.wp||{},d.wp.receiveEmbedMessage||(d.wp.receiveEmbedMessage=function(e){var t=e.data;if((t||t.secret||t.message||t.value)&&!\/[^a-zA-Z0-9]\/.test(t.secret)){for(var s,r,n,a=l.querySelectorAll('iframe[data-secret=\"'+t.secret+'\"]'),o=l.querySelectorAll('blockquote[data-secret=\"'+t.secret+'\"]'),c=new RegExp(\"^https?:$\",\"i\"),i=0;i<o.length;i++)o[i].style.display=\"none\";for(i=0;i<a.length;i++)s=a[i],e.source===s.contentWindow&&(s.removeAttribute(\"style\"),\"height\"===t.message?(1e3<(r=parseInt(t.value,10))?r=1e3:~~r<200&&(r=200),s.height=r):\"link\"===t.message&&(r=new URL(s.getAttribute(\"src\")),n=new URL(t.value),c.test(n.protocol))&&n.host===r.host&&l.activeElement===s&&(d.top.location.href=t.value))}},d.addEventListener(\"message\",d.wp.receiveEmbedMessage,!1),l.addEventListener(\"DOMContentLoaded\",function(){for(var e,t,s=l.querySelectorAll(\"iframe.wp-embedded-content\"),r=0;r<s.length;r++)(t=(e=s[r]).getAttribute(\"data-secret\"))||(t=Math.random().toString(36).substring(2,12),e.src+=\"#?secret=\"+t,e.setAttribute(\"data-secret\",t)),e.contentWindow.postMessage({message:\"ready\",secret:t},\"*\")},!1)))}(window,document);\n<\/script>\n","thumbnail_url":"https:\/\/amisns.edu.pl\/stara-wersja\/wp-content\/uploads\/INFORMACJA-PRASOWA-1-1.jpg","thumbnail_width":940,"thumbnail_height":788,"description":"Uczniowie i studenci musz\u0105\u00a0 pami\u0119ta\u0107 o terminowym dostarczeniu za\u015bwiadczenia ze szko\u0142y. Do ko\u0144ca wrze\u015bnia uczniowie szk\u00f3\u0142 ponadpodstawowych, kt\u00f3rzy pobieraj\u0105 rent\u0119 rodzinn\u0105 z ZUS, maj\u0105 obowi\u0105zek z\u0142o\u017cenia wniosku o dalsz\u0105 wyp\u0142at\u0119 renty. Musz\u0105 r\u00f3wnie\u017c dostarczy\u0107 za\u015bwiadczenie ze szko\u0142y o kontynuowaniu nauki. Je\u015bli zrobi\u0105 to z op\u00f3\u017anieniem, np. z\u0142o\u017c\u0105 dokumenty w pa\u017adzierniku, to za wrzesie\u0144 strac\u0105 prawo [&hellip;]"}

Informacja prasowa Zakładu Ubezpieczeń Społecznych - AMISNS

<blockquote class="wp-embedded-content" data-secret="awOZXVmICv"><a href="https://amisns.edu.pl/stara-wersja/informacja-prasowa-zakladu-ubezpieczen-spolecznych/">Informacja prasowa Zakładu Ubezpieczeń Społecznych</a></blockquote><iframe sandbox="allow-scripts" security="restricted" src="https://amisns.edu.pl/stara-wersja/informacja-prasowa-zakladu-ubezpieczen-spolecznych/embed/#?secret=awOZXVmICv" width="600" height="338" title="&#8222;Informacja prasowa Zakładu Ubezpieczeń Społecznych&#8221; &#8212; AMISNS" data-secret="awOZXVmICv" frameborder="0" marginwidth="0" marginheight="0" scrolling="no" class="wp-embedded-content"></iframe><script>
/*! This file is auto-generated */
!function(d,l){"use strict";l.querySelector&&d.addEventListener&&"undefined"!=typeof URL&&(d.wp=d.wp||{},d.wp.receiveEmbedMessage||(d.wp.receiveEmbedMessage=function(e){var t=e.data;if((t||t.secret||t.message||t.value)&&!/[^a-zA-Z0-9]/.test(t.secret)){for(var s,r,n,a=l.querySelectorAll('iframe[data-secret="'+t.secret+'"]'),o=l.querySelectorAll('blockquote[data-secret="'+t.secret+'"]'),c=new RegExp("^https?:$","i"),i=0;i<o.length;i++)o[i].style.display="none";for(i=0;i<a.length;i++)s=a[i],e.source===s.contentWindow&&(s.removeAttribute("style"),"height"===t.message?(1e3<(r=parseInt(t.value,10))?r=1e3:~~r<200&&(r=200),s.height=r):"link"===t.message&&(r=new URL(s.getAttribute("src")),n=new URL(t.value),c.test(n.protocol))&&n.host===r.host&&l.activeElement===s&&(d.top.location.href=t.value))}},d.addEventListener("message",d.wp.receiveEmbedMessage,!1),l.addEventListener("DOMContentLoaded",function(){for(var e,t,s=l.querySelectorAll("iframe.wp-embedded-content"),r=0;r<s.length;r++)(t=(e=s[r]).getAttribute("data-secret"))||(t=Math.random().toString(36).substring(2,12),e.src+="#?secret="+t,e.setAttribute("data-secret",t)),e.contentWindow.postMessage({message:"ready",secret:t},"*")},!1)))}(window,document);
</script>

Uczniowie i studenci muszą  pamiętać o terminowym dostarczeniu zaświadczenia ze szkoły. Do końca września uczniowie szkół ponadpodstawowych, którzy pobierają rentę rodzinną z ZUS, mają obowiązek złożenia wniosku o dalszą wypłatę renty. Muszą również dostarczyć zaświadczenie ze szkoły o kontynuowaniu nauki. Jeśli zrobią to z opóźnieniem, np. złożą dokumenty w październiku, to za wrzesień stracą prawo [&hellip;]
