{"version":"1.0","provider_name":"AMISNS","provider_url":"https:\/\/amisns.edu.pl\/stara-wersja","title":"Wizyta studyjna w Areszcie \u015aledczym w Elbl\u0105gu - AMISNS","type":"rich","width":600,"height":338,"html":"<blockquote class=\"wp-embedded-content\" data-secret=\"Hnvryvfzsi\"><a href=\"https:\/\/amisns.edu.pl\/stara-wersja\/wizyta-studyjna-w-areszcie-sledczym-w-elblagu\/\">Wizyta studyjna w Areszcie \u015aledczym w Elbl\u0105gu<\/a><\/blockquote><iframe sandbox=\"allow-scripts\" security=\"restricted\" src=\"https:\/\/amisns.edu.pl\/stara-wersja\/wizyta-studyjna-w-areszcie-sledczym-w-elblagu\/embed\/#?secret=Hnvryvfzsi\" width=\"600\" height=\"338\" title=\"&#8222;Wizyta studyjna w Areszcie \u015aledczym w Elbl\u0105gu&#8221; &#8212; AMISNS\" data-secret=\"Hnvryvfzsi\" frameborder=\"0\" marginwidth=\"0\" marginheight=\"0\" scrolling=\"no\" class=\"wp-embedded-content\"><\/iframe><script>\n\/*! This file is auto-generated *\/\n!function(d,l){\"use strict\";l.querySelector&&d.addEventListener&&\"undefined\"!=typeof URL&&(d.wp=d.wp||{},d.wp.receiveEmbedMessage||(d.wp.receiveEmbedMessage=function(e){var t=e.data;if((t||t.secret||t.message||t.value)&&!\/[^a-zA-Z0-9]\/.test(t.secret)){for(var s,r,n,a=l.querySelectorAll('iframe[data-secret=\"'+t.secret+'\"]'),o=l.querySelectorAll('blockquote[data-secret=\"'+t.secret+'\"]'),c=new RegExp(\"^https?:$\",\"i\"),i=0;i<o.length;i++)o[i].style.display=\"none\";for(i=0;i<a.length;i++)s=a[i],e.source===s.contentWindow&&(s.removeAttribute(\"style\"),\"height\"===t.message?(1e3<(r=parseInt(t.value,10))?r=1e3:~~r<200&&(r=200),s.height=r):\"link\"===t.message&&(r=new URL(s.getAttribute(\"src\")),n=new URL(t.value),c.test(n.protocol))&&n.host===r.host&&l.activeElement===s&&(d.top.location.href=t.value))}},d.addEventListener(\"message\",d.wp.receiveEmbedMessage,!1),l.addEventListener(\"DOMContentLoaded\",function(){for(var e,t,s=l.querySelectorAll(\"iframe.wp-embedded-content\"),r=0;r<s.length;r++)(t=(e=s[r]).getAttribute(\"data-secret\"))||(t=Math.random().toString(36).substring(2,12),e.src+=\"#?secret=\"+t,e.setAttribute(\"data-secret\",t)),e.contentWindow.postMessage({message:\"ready\",secret:t},\"*\")},!1)))}(window,document);\n<\/script>\n","thumbnail_url":"https:\/\/amisns.edu.pl\/stara-wersja\/wp-content\/uploads\/IMG_4513.jpeg","thumbnail_width":1440,"thumbnail_height":1080,"description":"W ramach wsp\u00f3\u0142pracy z Okr\u0119gowym Inspektoratem S\u0142u\u017cby Wi\u0119ziennej w Olsztynie studenci kierunku bezpiecze\u0144stwo wewn\u0119trzne Wydzia\u0142u Administracji i Nauk Spo\u0142ecznych AMiSNS, dnia 2 marca 2024 r., zrealizowali zaproszenie Aresztu \u015aledczego w Elbl\u0105gu. Student\u00f3w i opiekuna grupy ? dr. M. Kaczy\u0144skiego &#8211; przywitali i oprowadzi\u0142 po A\u015a dow\u00f3dca zmiany oraz oddzia\u0142owi pe\u0142ni\u0105cy w tym dniu s\u0142u\u017cb\u0119. Dzi\u0119ki [&hellip;]"}

Wizyta studyjna w Areszcie Śledczym w Elblągu - AMISNS

<blockquote class="wp-embedded-content" data-secret="Hnvryvfzsi"><a href="https://amisns.edu.pl/stara-wersja/wizyta-studyjna-w-areszcie-sledczym-w-elblagu/">Wizyta studyjna w Areszcie Śledczym w Elblągu</a></blockquote><iframe sandbox="allow-scripts" security="restricted" src="https://amisns.edu.pl/stara-wersja/wizyta-studyjna-w-areszcie-sledczym-w-elblagu/embed/#?secret=Hnvryvfzsi" width="600" height="338" title="&#8222;Wizyta studyjna w Areszcie Śledczym w Elblągu&#8221; &#8212; AMISNS" data-secret="Hnvryvfzsi" frameborder="0" marginwidth="0" marginheight="0" scrolling="no" class="wp-embedded-content"></iframe><script>
/*! This file is auto-generated */
!function(d,l){"use strict";l.querySelector&&d.addEventListener&&"undefined"!=typeof URL&&(d.wp=d.wp||{},d.wp.receiveEmbedMessage||(d.wp.receiveEmbedMessage=function(e){var t=e.data;if((t||t.secret||t.message||t.value)&&!/[^a-zA-Z0-9]/.test(t.secret)){for(var s,r,n,a=l.querySelectorAll('iframe[data-secret="'+t.secret+'"]'),o=l.querySelectorAll('blockquote[data-secret="'+t.secret+'"]'),c=new RegExp("^https?:$","i"),i=0;i<o.length;i++)o[i].style.display="none";for(i=0;i<a.length;i++)s=a[i],e.source===s.contentWindow&&(s.removeAttribute("style"),"height"===t.message?(1e3<(r=parseInt(t.value,10))?r=1e3:~~r<200&&(r=200),s.height=r):"link"===t.message&&(r=new URL(s.getAttribute("src")),n=new URL(t.value),c.test(n.protocol))&&n.host===r.host&&l.activeElement===s&&(d.top.location.href=t.value))}},d.addEventListener("message",d.wp.receiveEmbedMessage,!1),l.addEventListener("DOMContentLoaded",function(){for(var e,t,s=l.querySelectorAll("iframe.wp-embedded-content"),r=0;r<s.length;r++)(t=(e=s[r]).getAttribute("data-secret"))||(t=Math.random().toString(36).substring(2,12),e.src+="#?secret="+t,e.setAttribute("data-secret",t)),e.contentWindow.postMessage({message:"ready",secret:t},"*")},!1)))}(window,document);
</script>

W ramach współpracy z Okręgowym Inspektoratem Służby Więziennej w Olsztynie studenci kierunku bezpieczeństwo wewnętrzne Wydziału Administracji i Nauk Społecznych AMiSNS, dnia 2 marca 2024 r., zrealizowali zaproszenie Aresztu Śledczego w Elblągu. Studentów i opiekuna grupy ? dr. M. Kaczyńskiego &#8211; przywitali i oprowadził po AŚ dowódca zmiany oraz oddziałowi pełniący w tym dniu służbę. Dzięki [&hellip;]
