{"version":"1.0","provider_name":"AMISNS","provider_url":"https:\/\/amisns.edu.pl\/stara-wersja","title":"XVIII Elbl\u0105skie \u015awi\u0119to Chleba - spotkajmy si\u0119 ju\u017c w najbli\u017cszy weekend! - AMISNS","type":"rich","width":600,"height":338,"html":"<blockquote class=\"wp-embedded-content\" data-secret=\"hBtpt0Z1JJ\"><a href=\"https:\/\/amisns.edu.pl\/stara-wersja\/xviii-elblaskie-swieto-chleba-zapraszamy\/\">XVIII Elbl\u0105skie \u015awi\u0119to Chleba &#8211; spotkajmy si\u0119 ju\u017c w najbli\u017cszy weekend!<\/a><\/blockquote><iframe sandbox=\"allow-scripts\" security=\"restricted\" src=\"https:\/\/amisns.edu.pl\/stara-wersja\/xviii-elblaskie-swieto-chleba-zapraszamy\/embed\/#?secret=hBtpt0Z1JJ\" width=\"600\" height=\"338\" title=\"&#8222;XVIII Elbl\u0105skie \u015awi\u0119to Chleba &#8211; spotkajmy si\u0119 ju\u017c w najbli\u017cszy weekend!&#8221; &#8212; AMISNS\" data-secret=\"hBtpt0Z1JJ\" frameborder=\"0\" marginwidth=\"0\" marginheight=\"0\" scrolling=\"no\" class=\"wp-embedded-content\"><\/iframe><script>\n\/*! This file is auto-generated *\/\n!function(d,l){\"use strict\";l.querySelector&&d.addEventListener&&\"undefined\"!=typeof URL&&(d.wp=d.wp||{},d.wp.receiveEmbedMessage||(d.wp.receiveEmbedMessage=function(e){var t=e.data;if((t||t.secret||t.message||t.value)&&!\/[^a-zA-Z0-9]\/.test(t.secret)){for(var s,r,n,a=l.querySelectorAll('iframe[data-secret=\"'+t.secret+'\"]'),o=l.querySelectorAll('blockquote[data-secret=\"'+t.secret+'\"]'),c=new RegExp(\"^https?:$\",\"i\"),i=0;i<o.length;i++)o[i].style.display=\"none\";for(i=0;i<a.length;i++)s=a[i],e.source===s.contentWindow&&(s.removeAttribute(\"style\"),\"height\"===t.message?(1e3<(r=parseInt(t.value,10))?r=1e3:~~r<200&&(r=200),s.height=r):\"link\"===t.message&&(r=new URL(s.getAttribute(\"src\")),n=new URL(t.value),c.test(n.protocol))&&n.host===r.host&&l.activeElement===s&&(d.top.location.href=t.value))}},d.addEventListener(\"message\",d.wp.receiveEmbedMessage,!1),l.addEventListener(\"DOMContentLoaded\",function(){for(var e,t,s=l.querySelectorAll(\"iframe.wp-embedded-content\"),r=0;r<s.length;r++)(t=(e=s[r]).getAttribute(\"data-secret\"))||(t=Math.random().toString(36).substring(2,12),e.src+=\"#?secret=\"+t,e.setAttribute(\"data-secret\",t)),e.contentWindow.postMessage({message:\"ready\",secret:t},\"*\")},!1)))}(window,document);\n<\/script>\n","thumbnail_url":"https:\/\/amisns.edu.pl\/stara-wersja\/wp-content\/uploads\/455614306_900405678789643_1802023420792069682_n-?-kopia.jpg","thumbnail_width":1,"thumbnail_height":1,"description":"Ju\u017c w najbli\u017cszy pi\u0105tek i sobot\u0119 do\u0142\u0105cz do nas na elbl\u0105skiej star\u00f3wce podczas XVIII edycji \u015awi\u0119ta Chleba!\u00a0Nasze stoisko znajdziesz w Strefie Zdrowia. W godzinach uwzgl\u0119dnionych na plakacie do\u0142\u0105cz\u0105 do nas nasi niezawodni i niezast\u0105pieni studenci ratownictwa medycznego, kt\u00f3rzy przeprowadz\u0105 pokazy ratownictwa.\u00a0\u00a0\ud835\uddea\ud835\uddf6\ud835\uddf1\ud835\ude07\ud835\uddf6\ud835\uddfa\ud835\ude06 \ud835\ude00\ud835\uddf6\u0119 \ud835\uddf7\ud835\ude02\u017c \ud835\ude04 \ud835\uddfb\ud835\uddee\ud835\uddf7\ud835\uddef\ud835\uddf9\ud835\uddf6\u017c\ud835\ude00\ud835\ude07\ud835\ude06 \ud835\uddfd\ud835\uddf6\u0105\ud835\ude01\ud835\uddf2\ud835\uddf8!\u00a0Szczeg\u00f3\u0142owy program wydarzenia:https:\/\/www.portel.pl\/wiadomosci\/co-sie-wydarzy-podczas-swieta-chleba\/140648"}

XVIII Elbląskie Święto Chleba - spotkajmy się już w najbliższy weekend! - AMISNS

<blockquote class="wp-embedded-content" data-secret="hBtpt0Z1JJ"><a href="https://amisns.edu.pl/stara-wersja/xviii-elblaskie-swieto-chleba-zapraszamy/">XVIII Elbląskie Święto Chleba &#8211; spotkajmy się już w najbliższy weekend!</a></blockquote><iframe sandbox="allow-scripts" security="restricted" src="https://amisns.edu.pl/stara-wersja/xviii-elblaskie-swieto-chleba-zapraszamy/embed/#?secret=hBtpt0Z1JJ" width="600" height="338" title="&#8222;XVIII Elbląskie Święto Chleba &#8211; spotkajmy się już w najbliższy weekend!&#8221; &#8212; AMISNS" data-secret="hBtpt0Z1JJ" frameborder="0" marginwidth="0" marginheight="0" scrolling="no" class="wp-embedded-content"></iframe><script>
/*! This file is auto-generated */
!function(d,l){"use strict";l.querySelector&&d.addEventListener&&"undefined"!=typeof URL&&(d.wp=d.wp||{},d.wp.receiveEmbedMessage||(d.wp.receiveEmbedMessage=function(e){var t=e.data;if((t||t.secret||t.message||t.value)&&!/[^a-zA-Z0-9]/.test(t.secret)){for(var s,r,n,a=l.querySelectorAll('iframe[data-secret="'+t.secret+'"]'),o=l.querySelectorAll('blockquote[data-secret="'+t.secret+'"]'),c=new RegExp("^https?:$","i"),i=0;i<o.length;i++)o[i].style.display="none";for(i=0;i<a.length;i++)s=a[i],e.source===s.contentWindow&&(s.removeAttribute("style"),"height"===t.message?(1e3<(r=parseInt(t.value,10))?r=1e3:~~r<200&&(r=200),s.height=r):"link"===t.message&&(r=new URL(s.getAttribute("src")),n=new URL(t.value),c.test(n.protocol))&&n.host===r.host&&l.activeElement===s&&(d.top.location.href=t.value))}},d.addEventListener("message",d.wp.receiveEmbedMessage,!1),l.addEventListener("DOMContentLoaded",function(){for(var e,t,s=l.querySelectorAll("iframe.wp-embedded-content"),r=0;r<s.length;r++)(t=(e=s[r]).getAttribute("data-secret"))||(t=Math.random().toString(36).substring(2,12),e.src+="#?secret="+t,e.setAttribute("data-secret",t)),e.contentWindow.postMessage({message:"ready",secret:t},"*")},!1)))}(window,document);
</script>

Już w najbliższy piątek i sobotę dołącz do nas na elbląskiej starówce podczas XVIII edycji Święta Chleba! Nasze stoisko znajdziesz w Strefie Zdrowia. W godzinach uwzględnionych na plakacie dołączą do nas nasi niezawodni i niezastąpieni studenci ratownictwa medycznego, którzy przeprowadzą pokazy ratownictwa.  𝗪𝗶𝗱𝘇𝗶𝗺𝘆 𝘀𝗶ę 𝗷𝘂ż 𝘄 𝗻𝗮𝗷𝗯𝗹𝗶ż𝘀𝘇𝘆 𝗽𝗶ą𝘁𝗲𝗸! Szczegółowy program wydarzenia:https://www.portel.pl/wiadomosci/co-sie-wydarzy-podczas-swieta-chleba/140648
