{"version":"1.0","provider_name":"AMISNS","provider_url":"https:\/\/amisns.edu.pl\/stara-wersja","title":"Zaproszenie na II Og\u00f3lnopolsk\u0105 Konferencj\u0119 \"Nauki spo\u0142eczne wobec wsp\u00f3\u0142czesnych wyzwa\u0144 i kryzys\u00f3w. Aspekt prawny, socjologiczny i aksjologiczny.\u00a0 Bezpiecze\u0144stwo w uj\u0119ciu holistycznym\" - AMISNS","type":"rich","width":600,"height":338,"html":"<blockquote class=\"wp-embedded-content\" data-secret=\"i54MsTuCQ7\"><a href=\"https:\/\/amisns.edu.pl\/stara-wersja\/zaproszenie-na-ii\/\">Zaproszenie na II Og\u00f3lnopolsk\u0105 Konferencj\u0119 &#8222;Nauki spo\u0142eczne wobec wsp\u00f3\u0142czesnych wyzwa\u0144 i kryzys\u00f3w. Aspekt prawny, socjologiczny i aksjologiczny.\u00a0 Bezpiecze\u0144stwo w uj\u0119ciu holistycznym&#8221;<\/a><\/blockquote><iframe sandbox=\"allow-scripts\" security=\"restricted\" src=\"https:\/\/amisns.edu.pl\/stara-wersja\/zaproszenie-na-ii\/embed\/#?secret=i54MsTuCQ7\" width=\"600\" height=\"338\" title=\"&#8222;Zaproszenie na II Og\u00f3lnopolsk\u0105 Konferencj\u0119 &#8222;Nauki spo\u0142eczne wobec wsp\u00f3\u0142czesnych wyzwa\u0144 i kryzys\u00f3w. Aspekt prawny, socjologiczny i aksjologiczny.\u00a0 Bezpiecze\u0144stwo w uj\u0119ciu holistycznym&#8221;&#8221; &#8212; AMISNS\" data-secret=\"i54MsTuCQ7\" frameborder=\"0\" marginwidth=\"0\" marginheight=\"0\" scrolling=\"no\" class=\"wp-embedded-content\"><\/iframe><script>\n\/*! This file is auto-generated *\/\n!function(d,l){\"use strict\";l.querySelector&&d.addEventListener&&\"undefined\"!=typeof URL&&(d.wp=d.wp||{},d.wp.receiveEmbedMessage||(d.wp.receiveEmbedMessage=function(e){var t=e.data;if((t||t.secret||t.message||t.value)&&!\/[^a-zA-Z0-9]\/.test(t.secret)){for(var s,r,n,a=l.querySelectorAll('iframe[data-secret=\"'+t.secret+'\"]'),o=l.querySelectorAll('blockquote[data-secret=\"'+t.secret+'\"]'),c=new RegExp(\"^https?:$\",\"i\"),i=0;i<o.length;i++)o[i].style.display=\"none\";for(i=0;i<a.length;i++)s=a[i],e.source===s.contentWindow&&(s.removeAttribute(\"style\"),\"height\"===t.message?(1e3<(r=parseInt(t.value,10))?r=1e3:~~r<200&&(r=200),s.height=r):\"link\"===t.message&&(r=new URL(s.getAttribute(\"src\")),n=new URL(t.value),c.test(n.protocol))&&n.host===r.host&&l.activeElement===s&&(d.top.location.href=t.value))}},d.addEventListener(\"message\",d.wp.receiveEmbedMessage,!1),l.addEventListener(\"DOMContentLoaded\",function(){for(var e,t,s=l.querySelectorAll(\"iframe.wp-embedded-content\"),r=0;r<s.length;r++)(t=(e=s[r]).getAttribute(\"data-secret\"))||(t=Math.random().toString(36).substring(2,12),e.src+=\"#?secret=\"+t,e.setAttribute(\"data-secret\",t)),e.contentWindow.postMessage({message:\"ready\",secret:t},\"*\")},!1)))}(window,document);\n<\/script>\n","thumbnail_url":"https:\/\/amisns.edu.pl\/stara-wersja\/wp-content\/uploads\/Tekst-akapitu.jpg","thumbnail_width":940,"thumbnail_height":788,"description":"W imieniu Dziekana Wydzia\u0142u Administracji i Nauk Spo\u0142ecznych AMiSNS, dr Piotra Kulikowskiego, oraz Dyrektora Filii UWM w E\u0142ku, dr Marcina Radzi\u0142owicza, serdecznie zapraszamy wszystkich zainteresowanych, zar\u00f3wno student\u00f3w jak i wyk\u0142adowc\u00f3w, na konferencj\u0119 organizowan\u0105 w E\u0142ku (forma hybrydowa) w dniu 14.12.2023 r.\u00a0Motywem przewodnim tegorocznej konferencji b\u0119dzie &#8222;bezpiecze\u0144stwo&#8221;. Konferencja b\u0119dzie mia\u0142a charakter interdyscyplinarny i b\u0119dzie stanowi\u0142a p\u0142aszczyzn\u0119 [&hellip;]"}

Zaproszenie na II Ogólnopolską Konferencję "Nauki społeczne wobec współczesnych wyzwań i kryzysów. Aspekt prawny, socjologiczny i aksjologiczny.  Bezpieczeństwo w ujęciu holistycznym" - AMISNS

<blockquote class="wp-embedded-content" data-secret="i54MsTuCQ7"><a href="https://amisns.edu.pl/stara-wersja/zaproszenie-na-ii/">Zaproszenie na II Ogólnopolską Konferencję &#8222;Nauki społeczne wobec współczesnych wyzwań i kryzysów. Aspekt prawny, socjologiczny i aksjologiczny.  Bezpieczeństwo w ujęciu holistycznym&#8221;</a></blockquote><iframe sandbox="allow-scripts" security="restricted" src="https://amisns.edu.pl/stara-wersja/zaproszenie-na-ii/embed/#?secret=i54MsTuCQ7" width="600" height="338" title="&#8222;Zaproszenie na II Ogólnopolską Konferencję &#8222;Nauki społeczne wobec współczesnych wyzwań i kryzysów. Aspekt prawny, socjologiczny i aksjologiczny.  Bezpieczeństwo w ujęciu holistycznym&#8221;&#8221; &#8212; AMISNS" data-secret="i54MsTuCQ7" frameborder="0" marginwidth="0" marginheight="0" scrolling="no" class="wp-embedded-content"></iframe><script>
/*! This file is auto-generated */
!function(d,l){"use strict";l.querySelector&&d.addEventListener&&"undefined"!=typeof URL&&(d.wp=d.wp||{},d.wp.receiveEmbedMessage||(d.wp.receiveEmbedMessage=function(e){var t=e.data;if((t||t.secret||t.message||t.value)&&!/[^a-zA-Z0-9]/.test(t.secret)){for(var s,r,n,a=l.querySelectorAll('iframe[data-secret="'+t.secret+'"]'),o=l.querySelectorAll('blockquote[data-secret="'+t.secret+'"]'),c=new RegExp("^https?:$","i"),i=0;i<o.length;i++)o[i].style.display="none";for(i=0;i<a.length;i++)s=a[i],e.source===s.contentWindow&&(s.removeAttribute("style"),"height"===t.message?(1e3<(r=parseInt(t.value,10))?r=1e3:~~r<200&&(r=200),s.height=r):"link"===t.message&&(r=new URL(s.getAttribute("src")),n=new URL(t.value),c.test(n.protocol))&&n.host===r.host&&l.activeElement===s&&(d.top.location.href=t.value))}},d.addEventListener("message",d.wp.receiveEmbedMessage,!1),l.addEventListener("DOMContentLoaded",function(){for(var e,t,s=l.querySelectorAll("iframe.wp-embedded-content"),r=0;r<s.length;r++)(t=(e=s[r]).getAttribute("data-secret"))||(t=Math.random().toString(36).substring(2,12),e.src+="#?secret="+t,e.setAttribute("data-secret",t)),e.contentWindow.postMessage({message:"ready",secret:t},"*")},!1)))}(window,document);
</script>

W imieniu Dziekana Wydziału Administracji i Nauk Społecznych AMiSNS, dr Piotra Kulikowskiego, oraz Dyrektora Filii UWM w Ełku, dr Marcina Radziłowicza, serdecznie zapraszamy wszystkich zainteresowanych, zarówno studentów jak i wykładowców, na konferencję organizowaną w Ełku (forma hybrydowa) w dniu 14.12.2023 r. Motywem przewodnim tegorocznej konferencji będzie &#8222;bezpieczeństwo&#8221;. Konferencja będzie miała charakter interdyscyplinarny i będzie stanowiła płaszczyznę [&hellip;]
